*i - 109. What is the thousands digit of o(22)?
3
Let v(x) = x**3 + 30*x**2 + 2*x + 90. Let h be v(-30). Suppose -8*i + 32300 = h*i. What is the units digit of i?
0
Let l(p) = 3*p - 26. Let d be l(10). Suppose 5754 = 3*j - 2*u, j + u = -d*j + 9577. What is the hundreds digit of j?
9
Let b(k) = k**3 + 20*k**2 + 26*k - 13. Let s(m) = -2*m**3 - 41*m**2 - 52*m + 27. Let i(o) = 5*b(o) + 2*s(o). What is the units digit of i(-11)?
0
Let l(k) = 3196*k**2 - k - 20. What is the ten thousands digit of l(-2)?
1
Suppose 2*s + 5*y + 3 - 38 = 0, 5*s - 2*y - 15 = 0. Suppose -s*m + 2*t + 71 = -14, 55 = 2*m - 5*t. What is the tens digit of m?
1
Let v be (124/(-8) + 3)*-12*3. Suppose -3*u = -4*f + 900, -v = -2*f + 5*u - 4*u. What is the units digit of f?
5
Suppose 33*h - 2*n = 34*h - 7492, 4*h - n - 30004 = 0. What is the thousands digit of h?
7
Suppose 3653 = 5*z + 3*q + 284, 2031 = 3*z - 3*q. Suppose 0 = -3*r + 612 + z. What is the hundreds digit of r?
4
What is the units digit of (-1099200)/(-252) - (-14)/147?
2
Let p = 1199 + -379. Suppose -p = -a - 4*v, 0 = 4*a + 4*v - 956 - 2312. What is the units digit of a?
6
Let a(c) be the first derivative of 5*c**2/2 + 40*c - 6. Let k(p) = 2*p + 13. Let n(b) = 3*a(b) - 8*k(b). What is the units digit of n(11)?
5
What is the hundreds digit of ((-43)/(-1))/(36/2736)?
2
Let u(o) = -o**3 - 5*o**2 - 17. Suppose -p = 4, -5*a - 5*p - 28 = -4*a. What is the hundreds digit of u(a)?
1
Let v(h) = 29*h**2 + 3*h + 1. Let w = -1 - -1. Suppose -2*m + w*m - 4 = 0. What is the tens digit of v(m)?
1
Suppose -2*k - 2*k + 3*b = -85, -98 = -5*k + b. Suppose k*t - 3356 = 577. What is the hundreds digit of t?
2
Suppose -28*u + 26*u + 5*y + 2841 = 0, -4*u + y + 5637 = 0. What is the hundreds digit of u?
4
Let t = 2394 + -427. Suppose -t = 10*d - 11*d. What is the tens digit of d?
6
Let u be 6940/56*2 - (-2)/14. Let a(p) = p**2 + 5*p - 2. Let k be a(-6). Suppose k*o = -3*x + u, -o - 2*x = -6*o + 333. What is the tens digit of o?
6
Suppose -135*y + 83*y + 341172 = 0. What is the units digit of y?
1
Suppose -14*o + 9441 = 873. Suppose 1410 + o = 6*w. What is the hundreds digit of w?
3
Suppose 0 = m + 4. Let c be 6/m*20/(-6). Suppose 208 = c*l - 82. What is the units digit of l?
8
What is the thousands digit of (-5 - (-47733)/(-9))*6/16*-28?
5
Let t = -31092 + 60685. What is the thousands digit of t?
9
Let n be ((-14)/(-28))/((-2)/(-8)). Suppose 0 = -j - 4*j + 25. Suppose 2*c - 157 = -n*t - 15, j = -t. What is the units digit of c?
6
Let d(t) = -t**2 - 6*t + 18. Let w be d(3). What is the hundreds digit of 207 + (30/18)/((-5)/w)?
2
Suppose 0 = -21*b + 24*b - 6. Suppose -5*h = 4*a + 15, -b*a - 9 = h - 0*h. What is the tens digit of 39 + (-5)/25*a?
4
Suppose 1465 = -4*p - 5299. Let a = 2416 + p. What is the hundreds digit of a?
7
Suppose -288101 = -46*p + 463198 - 123169. What is the units digit of p?
5
Suppose 0 = 4*y + y - 385. Let k be y*(-2)/(-2) - 4. Suppose -3*r = -c + k, -2*c - 3*r - 42 = -224. What is the tens digit of c?
8
What is the tens digit of 923908*(-2)/(-44) + 82/451?
9
Let s(u) = 2*u**3 - 23*u**2 + u - 16. Let p be s(11). What is the tens digit of (-1)/((-21)/6) + (-41544)/p?
3
Let z(c) = -10*c**2 - c + 16. Let x be z(-4). Let r = 602 + x. What is the tens digit of r?
6
Let a(x) be the third derivative of x**4/24 - 5*x**3/3 - 15*x**2. Let h be a(12). Let w(v) = 6*v**3 - 3*v**2 - v + 5. What is the units digit of w(h)?
9
Let j = -99905 - -146467. What is the thousands digit of j?
6
Suppose 2*a + 4*x - 11131 = -x, -2*a = 4*x - 11132. What is the units digit of a?
8
Let m = 220 - 240. What is the hundreds digit of 2 - ((-4008)/m)/((-6)/45)?
5
Suppose 0 = -h + 3*h - 16*h + 95186. What is the units digit of h?
9
Let g(f) = -f**3 + 20*f**2 + 68*f + 32. Let u be g(23). What is the hundreds digit of 1111 - ((-6)/(-9))/(1/u)?
1
Let s = 948 + -472. Suppose 2*u = i - s, -u + 0*i + 2*i - 241 = 0. What is the units digit of (u/(-6) - 1) + 6/12?
9
Let t(k) = 3*k**2 + 4*k**3 - 3*k - k**3 - 11 - 2*k**3 - 5*k. Suppose 0 = 5*s + 11 + 4. What is the tens digit of t(s)?
1
Suppose 1082 = 5*m + y, m - 224 = -y - 3*y. Suppose -m = -7*n + 484. What is the hundreds digit of n?
1
Let q = 1496 + 9245. What is the units digit of q?
1
Let u(b) be the second derivative of b**5/20 + 4*b**4/3 - 55*b**3/6 - 23*b**2/2 - 24*b. What is the hundreds digit of u(-18)?
3
Let x = 8235 - -923. What is the thousands digit of x?
9
Let g be -5 - -4 - (-252)/4. Let o(x) = 1 + 0 - g*x - 2. What is the units digit of o(-1)?
1
Suppose 8*b - 6*b + 16 = 0. What is the tens digit of (b/28)/(3*(-1)/4893)?
6
Let y be (-1)/(-4*(-1)/(-1732)). Suppose -j = 3*i - y, 3*i + 427 = j - 0*i. What is the hundreds digit of j?
4
Let b = 75 + -204. Let g = b - -684. What is the tens digit of g?
5
Let w = 17 - 12. Let z(g) = g - 13. Let d(r) = r - 2. Let k(n) = 3*d(n) - z(n). What is the units digit of k(w)?
7
Suppose 216*w = 3123766 + 511854 + 783308. What is the thousands digit of w?
0
What is the tens digit of -24*(7 - ((-55545)/20)/(-7))?
5
Let k be (-32)/(-6) + 100/150. What is the units digit of (k + (4 - 9))/(1/984)?
4
Let w = -3687 + 10135. What is the units digit of w?
8
Suppose -71*r - 74*r + 2422888 - 220628 = 0. What is the tens digit of r?
8
Suppose 0 = -4*w - 35 + 87. Suppose -18*b + 25 = -w*b. Suppose 4 = -4*a - 0, -b*q = -2*a - 642. What is the tens digit of q?
2
What is the units digit of (872880/144)/(10/6)?
7
Suppose 32*d + 5*m - 1 = 28*d, d - 2*m = 10. Suppose 0 = -d*x - 2*v - 3224 + 10770, 0 = -3*x - 2*v + 5657. What is the tens digit of x?
8
Let r(l) = -l**2 - 8*l - 1. Let v be r(-9). Let w = v - -5. What is the tens digit of (-233)/(-5) - (12/w - -2)?
4
Suppose 254413 = 4*z - 3*p, 26*p = -z + 31*p + 63633. What is the units digit of z?
8
Let s be 36/162 - 428/(-18). Suppose 11*b = s*b - 16770. What is the tens digit of b?
9
Let a be 2/((-2)/(-12)*24/(-1110)). Let u = a - -606. What is the tens digit of u?
5
Suppose -p - 1503 = -3*n, -2*p + 1994 = -0*n + 4*n. Suppose -4*i - 3*q + 475 = 0, 50 = -4*i + 2*q + n. What is the units digit of i?
5
Let f be 1/(-2)*1137*28/(-42). Let u = f + -204. What is the units digit of u?
5
Let y(j) = 9*j**2 - 4*j + 41. Let g(a) = 7*a**2 - 5*a + 40. Let r(v) = 4*g(v) - 3*y(v). What is the units digit of r(11)?
0
Let h(l) = l**2 - 12*l + 1. Let d be h(8). Let s = -30 - d. What is the tens digit of (s - -19)/((-11)/(-33))?
6
Let i = 8556 + -5317. What is the units digit of i?
9
Let n(b) = 16*b**2 + 86*b + 15 - 163*b + 84*b. What is the hundreds digit of n(-3)?
1
Let c(t) = 33*t**3 + t**2 - 2*t + 1. Suppose 25*a - 8 = 17*a. Let p be c(a). Suppose 227 - p = x. What is the tens digit of x?
9
Let s(d) = -d**2 + 11*d - 14. Let x be s(9). Suppose x*w - 16 = -0*w, w + 4 = 4*b. What is the units digit of b?
2
Let a = 995 - -768. Suppose a = 33*x - 11899. What is the hundreds digit of x?
4
Suppose 20 = 3*u - 5*x - 5, 5*u + 3*x - 19 = 0. Suppose l - 3640 = -3*t, -4*t - 6*l = -u*l - 4852. What is the thousands digit of t?
1
Let j = -4523 + 19020. Suppose 63*r - 44*r - j = 0. What is the tens digit of r?
6
Let c(w) = -w - 2. Let m be c(-7). Suppose -2*g - 2205 + 411 = -2*t, -t + m*g + 917 = 0. Suppose -5*r = -48 - t. What is the tens digit of r?
8
Let i(u) = -14 + 1 + 1 + 13*u - 4. Let h(x) = 4*x**2 - 198*x + 100. Let n be h(49). What is the units digit of i(n)?
0
Suppose 0*w = 3*w - 3*o - 9534, 3*w + o = 9514. What is the tens digit of w?
7
What is the units digit of ((-27957048)/(-504))/(7/3)?
3
Let u(j) = j + 8*j + 9*j - 73 + 28. Let x be u(23). Suppose l = -2*w + 6*l + 181, -4*w + x = -3*l. What is the tens digit of w?
9
Suppose -11*m - 1846 - 673 = 0. Let b = 255 - m. What is the hundreds digit of b?
4
Let u = 32 + -2. Suppose -4*l - u = -l. What is the hundreds digit of 6/l*(2 - -3) + 111?
1
Let o(y) = y**3 + 11*y**2 - 7*y - 57. Let c be o(-11). Suppose c*g - 47393 = -13753. What is the thousands digit of g?
1
Let h(v) = 473 + 2*v**3 - v - v**3 - 483 + 14*v - 7*v**2. What is the hundreds digit of h(8)?
1
Let n(i) be the second derivative of 2*i**3/3 + 3*i**2/2 - 5*i. Let c(o) = -5*o - 3. Let q(j) = 3*c(j) + 2*n(j). What is the units digit of q(-4)?
5
Suppose 16057 = 5*j + 2*f, 9632 = -29*j + 32*j - f. What is the thousands digit of j?
3
Let g be (-